{"id":38,"date":"2015-01-20T07:09:35","date_gmt":"2015-01-20T07:09:35","guid":{"rendered":"http:\/\/bda2015.univ-tln.fr\/?page_id=38"},"modified":"2015-05-18T07:18:59","modified_gmt":"2015-05-18T07:18:59","slug":"historique","status":"publish","type":"page","link":"https:\/\/bda2015.univ-tln.fr\/?page_id=38","title":{"rendered":"Historique"},"content":{"rendered":"<ul>\n<li><a href=\"http:\/\/bda2014.imag.fr\/\" target=\"_blank\">BDA 2014<\/a>, 14-17 octobre 2014, Grenoble-Autrans, France<\/li>\n<li><a href=\"http:\/\/bda2013.univ-nantes.fr\" target=\"_blank\">BDA 2013<\/a>, 22-25 octobre 2013,\u00a0Nantes, France<\/li>\n<li><a href=\"http:\/\/bda2012.isima.fr\/\" target=\"_blank\">BDA 2012<\/a>, 24-26 octobre 2012, Clermont-Ferrand, France<\/li>\n<li><a href=\"http:\/\/bda2011.prism.uvsq.fr\/\" target=\"_blank\">BDA 2011<\/a>, 24-27 octobre 2011, Rabat, Maroc<\/li>\n<li><a href=\"http:\/\/www.irit.fr\/BDA2010\/access.php\" target=\"_blank\">BDA 2010<\/a>, 19-22 octobre 2010, Toulouse, France<\/li>\n<li><a href=\"http:\/\/www.info.fundp.ac.be\/bda2009\/\" target=\"_blank\">BDA 2009<\/a>, 20-23 octobre 2009, Namur, Belgique<\/li>\n<li><a href=\"http:\/\/bda2008.liris.cnrs.fr\/\" target=\"_blank\">BDA 2008<\/a>, 21-24 octobre 2008, Guilherand-Granges, France<\/li>\n<\/ul>\n<p>Un historique plus complet est \u00e9galement disponible sur le site principal des journ\u00e9es\u00a0<a href=\"http:\/\/bdav.org\/\" target=\"_blank\">Bases de Donn\u00e9es Avan\u00e7\u00e9es<\/a><\/p>\n","protected":false},"excerpt":{"rendered":"<p>BDA 2014, 14-17 octobre 2014, Grenoble-Autrans, France BDA 2013, 22-25 octobre 2013,\u00a0Nantes, France BDA 2012, 24-26 octobre 2012, Clermont-Ferrand, France BDA 2011, 24-27 octobre 2011, Rabat, Maroc BDA 2010, 19-22 octobre 2010, Toulouse, France BDA 2009, 20-23 octobre 2009, Namur, Belgique BDA 2008, 21-24 octobre 2008, Guilherand-Granges, France Un historique plus complet est \u00e9galement disponible [&hellip;]<\/p>\n","protected":false},"author":1,"featured_media":0,"parent":0,"menu_order":0,"comment_status":"closed","ping_status":"closed","template":"","meta":{"footnotes":""},"class_list":["post-38","page","type-page","status-publish","hentry"],"_links":{"self":[{"href":"https:\/\/bda2015.univ-tln.fr\/index.php?rest_route=\/wp\/v2\/pages\/38","targetHints":{"allow":["GET"]}}],"collection":[{"href":"https:\/\/bda2015.univ-tln.fr\/index.php?rest_route=\/wp\/v2\/pages"}],"about":[{"href":"https:\/\/bda2015.univ-tln.fr\/index.php?rest_route=\/wp\/v2\/types\/page"}],"author":[{"embeddable":true,"href":"https:\/\/bda2015.univ-tln.fr\/index.php?rest_route=\/wp\/v2\/users\/1"}],"replies":[{"embeddable":true,"href":"https:\/\/bda2015.univ-tln.fr\/index.php?rest_route=%2Fwp%2Fv2%2Fcomments&post=38"}],"version-history":[{"count":3,"href":"https:\/\/bda2015.univ-tln.fr\/index.php?rest_route=\/wp\/v2\/pages\/38\/revisions"}],"predecessor-version":[{"id":206,"href":"https:\/\/bda2015.univ-tln.fr\/index.php?rest_route=\/wp\/v2\/pages\/38\/revisions\/206"}],"wp:attachment":[{"href":"https:\/\/bda2015.univ-tln.fr\/index.php?rest_route=%2Fwp%2Fv2%2Fmedia&parent=38"}],"curies":[{"name":"wp","href":"https:\/\/api.w.org\/{rel}","templated":true}]}}